) - 6*o(i). Suppose 3*p - 4*b = 2*p - 1, -1 = p - 3*b. Let l be p + 3 + 28 + -25. What is h(l)?
14
Let j(h) = h**3 - 6*h**2 + 6*h - 3. Let z be 39/65 - (-34)/10 - 0. Determine j(z).
-11
Let f(k) = -2*k**3 + k**2 + 5*k + 10. Let l be f(-2). Suppose 17*d = l*d + 24. Let t(p) = -p - 3. Determine t(d).
5
Suppose 1 + 9 = 5*s. Let c(f) = -f**3 + 0*f**2 - 4*f + 6*f**s - 2*f**2 + f**2 + 1. Suppose -12 = 5*v - 32. Calculate c(v).
1
Suppose -30 = 3*a - 4*m, a - 2*m = 6*a + 24. Let y(l) = -2*l - 3. Determine y(a).
9
Let p(t) = -11*t - 76 + 3*t + 5*t - 2*t - t. What is p(-14)?
8
Let b = 41 + 6. Suppose 0 = -51*m + b*m + 4. Let n(s) = -8*s**2 - 2*s + 1. Calculate n(m).
-9
Let c(w) = w**2 - 5*w + 5. Suppose t + 4 = -3*t, -2*m = 5*t - 31. Suppose 11*z - 8*z = m. Give c(z).
11
Let p be ((-2)/8)/((-2)/40). Suppose -2*h - 32 = -0*q - q, h - 2 = p*q. Let b = -15 - h. Let n(t) = t**3 - 4*t**2 + 3*t. Determine n(b).
0
Let a(c) = -149*c - 3 + 300*c - 154*c. Give a(3).
-12
Let z(n) = -n**2 - 14*n + 42. Let p be z(-17). Let i(u) = u**3 + 8*u**2 - 10*u + 6. Give i(p).
15
Let q(x) = -1 - 2699*x - x**2 + 2699*x + x**3 + 4*x**2. What is q(-4)?
-17
Let r(d) = -14 + 9*d - 3*d - 2*d + 0*d - 5*d. Give r(-13).
-1
Let h(n) = 21*n**2 - 2*n - 1. Let x = 67 - 71. Let g be -2 + x/(-20)*5. Give h(g).
22
Let d be (-15)/10*(-12)/(-9) - -2. Suppose 0 = -q - d*q, 8 = s - 4*q. Let c(p) = -5*p + 11. Give c(s).
-29
Let n be 4 - (0 + -2)*10. Let w(j) = n*j - 2 + 14 - 21*j. Give w(-9).
-15
Let y(j) = -j**3 + 7*j**2 + 9*j - 1. Let z be y(8). Let g = z - -5. Let s(w) = -33*w - 1 + 11*w - g*w**2 + 20*w. Calculate s(-1).
-11
Let f(p) = -2*p - 12. Let n be f(-5). Let i(u) be the second derivative of -u**3/2 - u**2/2 + u - 22. Give i(n).
5
Let x = -26 + 46. Suppose -11*f = -6*f - x. Let s(v) = -v**3 + 5*v**2 - 6*v + 4. Calculate s(f).
-4
Let b(h) = -11*h**3 + h**2 + 3*h + 1. Let k(t) = 3*t**3 - t**2 - 1. Let r(f) = b(f) + 4*k(f). Give r(2).
-1
Let r(w) = -213*w**3 - 212*w**3 - 2*w**2 + 420*w**3 + 2*w + 0*w + 4*w**2. Give r(2).
-28
Let m(x) be the third derivative of -x**3 - 1/60*x**5 + 0*x + 4*x**2 + 5/24*x**4 + 0. What is m(4)?
-2
Suppose -r + 4 + 2 = 0. Let s(w) = 19*w**3 - 23*w**2 + 3*w + 5. Let z(x) = -22*x**3 + 26*x**2 - 4*x - 6. Let f(a) = -7*s(a) - 6*z(a). What is f(r)?
-17
Let r(d) = -2*d + 6*d + 4*d**2 - 2*d + 3*d**3 + 4 - 2*d**3. Suppose i = -20 + 8. Let p(h) = h**2 + 12*h - 3. Let f be p(i). Calculate r(f).
7
Let f(r) = -r**2 - 4*r - 4. Let h be f(-4). Let y(j) = -18*j - 13. Let k(p) = -3*p - 2. Let d(b) = -7*k(b) + y(b). Give d(h).
-11
Let v(w) = 13*w**3 + 21*w**2 - 3*w - 44. Let o(s) = -7*s**3 - 11*s**2 + 2*s + 23. Let n(f) = 11*o(f) + 6*v(f). Determine n(-5).
-31
Let m(c) = -13*c - 6. Let g(t) = -12*t - 1. Let f(s) = -8*g(s) + 7*m(s). Calculate f(8).
6
Let x(f) be the second derivative of f**7/2520 + f**6/144 + f**5/20 - 8*f**4/3 - 24*f. Let g(b) be the third derivative of x(b). What is g(-4)?
2
Let j(h) = 11*h - 2. Suppose 0 = 9*v - 98 + 80. What is j(v)?
20
Suppose -6*t = -t - 55. Let a(u) be the third derivative of -u**4/8 + 5*u**3/2 - 7*u**2 - 303. What is a(t)?
-18
Suppose -y + x + 12 = 6*x, -2*y + 11 = -3*x. Suppose d - 2*k - 12 = 0, 5*d = 2*d - k + 1. Let z(o) = -14*o + 4*o**2 - 4*o**2 - 7 + 9*o + o**d. Give z(y).
7
Let h(n) be the first derivative of -n**4/4 - 4*n**3/3 + 3*n**2 + 9*n - 277. Determine h(-5).
4
Let v be -6*(-224)/216 + (-2)/9. Let p(g) = 2*g + 3. What is p(v)?
15
Let w(a) = -a**3 + 4*a**2 - a + 3. Let y be w(4). Let f(p) = -1. Let g(k) = 2*k - 6. Let s(c) = y*g(c) + 4*f(c). Give s(2).
-2
Suppose 0 = 5*h + 5*f + 25, -h + 4*f - 4 = 6. Let u(q) = -q**2 - 7*q - 8. Give u(h).
-2
Suppose 0*j - 3*j = -6. Suppose 0 = o - 3*o - j. Let f(c) = -3*c**2 + 10*c - 4. Let s(w) = w**2 - 3*w + 1. Let z(h) = 2*f(h) + 7*s(h). Calculate z(o).
1
Let y(d) = d**2 + d + 7. Suppose 0 = -67*h + 72*h - 55. Let j = h + -11. Calculate y(j).
7
Suppose -9 = y + 6. Let x be 9/2*10/y. Let c(o) = -o**2 - 5*o - 2. Let m(f) = f**2 + 5*f + 1. Let r(l) = x*m(l) - 2*c(l). Give r(-4).
5
Let l be 4/6 - 12/(-9). Let t(v) = -3 + v**2 + 3 + 1. Let y(h) = -2*h**2 + h - 5. Let j(s) = l*y(s) + 6*t(s). What is j(-3)?
8
Let s(q) be the third derivative of -q**6/120 + 7*q**5/60 - 5*q**4/24 + q**3/3 + 4*q**2 - 7*q. Give s(6).
8
Let x(a) = a**3 + 11*a**2 - 12*a - 3. Let l(y) = -y**3 - 11*y**2 + 12*y + 4. Let c(j) = 2*l(j) + 3*x(j). Determine c(-12).
-1
Let f(b) = -5*b + 15. Let a(l) = 5*l + 16. Let p(v) = -2*v - 8. Let y(m) = -4*a(m) - 9*p(m). Let u(k) = 3*f(k) - 7*y(k). Determine u(-9).
-2
Let l(m) be the third derivative of -m**4/24 + m**3 - 223*m**2. Determine l(-3).
9
Let b = 32 - 32. Suppose -3*g + 2*x - 4*x = -21, x = b. Let h(o) = -4*o - 3*o - 1 + o**2 + 5. Give h(g).
4
Let n(o) = -5*o. Let u be n(1). Let d = u + 8. Let h(c) be the first derivative of c**4/4 - c**3/3 - 3*c**2/2 - 4*c + 1. Calculate h(d).
5
Let y(k) = -k**3 + 6*k**2 + 7*k - 4. Let n be y(7). Suppose r + 1 - 3 = 0. Let o(f) = 3*f**r - f + f**2 - 4*f - 5 - 5*f**2. Determine o(n).
-1
Let g(n) = -n**2 - 8*n + 2. Let q be g(-6). Let d(a) = q - 5*a - a**2 - 18 - 2*a - 3*a. Determine d(-10).
-4
Suppose -j - 42 = -2*s - 6*j, -s = 3*j - 22. Let w = 4 - s. Let t be -4 + 14 - w/(-3). Let i(v) = -2*v + 6. Determine i(t).
-6
Let w(i) = i**2 + 3*i - 2. Let h = 16 - 10. Suppose -m + h + 9 = 0. Suppose -3*f = -m, -l - f - 7 = -2*f. Determine w(l).
-4
Let n(l) be the second derivative of l**4/12 - l**3 - 2*l**2 - 10*l. Let f = 20 - 15. Calculate n(f).
-9
Suppose 10 = -50*r + 55*r. Let g be (-9)/(-7) - (r - (-36)/(-21)). Let y(m) = -19*m. Calculate y(g).
-19
Suppose -9*f + 18*f - 54 = 0. Suppose 4*l - c = 4 + 1, 5*l = -3*c + 19. Let q(j) = -f + 4 + 5*j**3 + l - j. Calculate q(1).
4
Suppose -3 = -3*t + w, 4*t - 1 = 2*w + 1. Let u(f) = f**3 - f**2 - 1. Give u(t).
3
Suppose f - 5*o = -2*o - 1, -3*o = 4*f - 71. Let b(m) = -m**2 + 11*m + 8. What is b(f)?
-34
Let g(b) = b**3 + 780*b**2 - 1 + 3 + 3*b - 3 - 774*b**2. What is g(-5)?
9
Let i be 0 + 4/(7/(-7)). Let s(v) = -v**2 - 2*v - 1. Calculate s(i).
-9
Let p(z) = -2*z + 25. Let m be p(11). Let k(l) = 0 - l - 14 - m + 0. What is k(-7)?
-10
Suppose 4*j + n = 3, -4*n = 3*j - 2*n - 6. Suppose 12*u - 7*u + 25 = j. Let x(c) = c**3 + 4*c**2 - 5*c - 5. What is x(u)?
-5
Suppose 3*t = -4*u + 67, -4*u + 3*u = 4*t - 98. Suppose -5*s + t = 0, -5*c - 15 = 2*s - s. Let j(r) = -r - r**2 + 0*r**2 + 2*r**2 + 4 - 2*r**2. What is j(c)?
-8
Let n = 197 + -197. Let y(b) = -b**2 - b - 9. Calculate y(n).
-9
Let y(a) = 7 + 11*a + 286*a**2 - 567*a**2 + 282*a**2. Calculate y(-7).
-21
Let y(s) = -4 + 1 - 1 + 3. Let n(d) = -d - 8. Let h(a) = n(a) - y(a). Let k = -6 + -1. Give h(k).
0
Let v be -17 + 21 - 2/1. Let r(j) = -11*j. Give r(v).
-22
Let h(w) = 7*w + 5. Let j be 2 + -5 + (1 - -3). Let q(v) = v + 1. Let z(f) = j*h(f) - 5*q(f). Determine z(-1).
-2
Let p = -112 + 70. Let y be (-8)/6*63/p. Let m(q) be the second derivative of -q**5/20 + q**4/6 - q**3/3 + 3*q**2/2 - q. What is m(y)?
-1
Let f(q) = 8*q**2. Let a be 30/(-25)*(-1)/2*135. Let r = a - 82. Give f(r).
8
Let x(y) = 4*y**3 - 5*y**3 + 0*y**2 - 6*y + 2*y**2 - 4 - 7*y**2. What is x(-4)?
4
Let x(h) = -h**3 + 7*h**2 - 9*h + 6. Let c(m) = 19*m + 63. Let y be c(-3). Calculate x(y).
-12
Suppose -13 = -6*j + 5. Let c(s) = -1 - 43*s + j*s**3 - s**3 + 41*s - 2 + s**2. Calculate c(-2).
-11
Let c(l) = -9*l**3 - 4*l**2 + 2*l - 4. Let g(q) be the second derivative of q**4/12 + q**2/2 - 31*q. Let s(u) = -c(u) - 5*g(u). Calculate s(-1).
-9
Let x(b) = 18*b - 8. Let p(m) = -m + 3. Let q(z) = 2*p(z) + x(z). Determine q(1).
14
Let d(r) be the third derivative of -r**6/120 + 13*r**5/60 - r**4/24 + 4*r**3/3 - 2*r**2 - 11. Determine d(13).
-5
Suppose 4*w - 5*n - 27 = 0, -23 = -3*w + 2*n - 8. Let b = -9 + w. Let h(g) be the first derivative of g**2/2 + 4*g - 23. Determine h(b).
-2
Let l(d) = 2*d**2 - 2*d - 2. Suppose 15 = 4*g + 3*y + 68, 3*g - 3*y = -66. Let t = g + 15. What is l(t)?
10
Let i(u) = -8*u + 1. Let c be 1*(4 - (2 - -1)). Suppose 5*g - 12 = 4*d - 1, 4*d - g = c. Let w be i(d). Let y(l) = l**3 + 8*l**2 + 9*l + 10. Determine y(w).
-4
Let o(a) = a**3 - 10*a**2 + 2. Let r = 249 - 239. Give o(r).
2
Suppose 0 = -5*x - 5*r - 10, r - 3*r - 9 = 3*x. Let q(d) = -d**3 - 6*d**2 - 5*d - 5. Give q(x).
-5
